{"id":526,"date":"2025-03-26T11:14:42","date_gmt":"2025-03-26T11:14:42","guid":{"rendered":"https:\/\/libreriablanconoia.com\/?page_id=526"},"modified":"2025-06-02T14:58:07","modified_gmt":"2025-06-02T14:58:07","slug":"libros-de-lectura","status":"publish","type":"page","link":"https:\/\/libreriablanconoia.com\/?page_id=526","title":{"rendered":"Libros de lectura"},"content":{"rendered":"\n<div class=\"wp-block-group alignfull is-content-justification-center is-layout-constrained wp-container-core-group-is-layout-df757ecc wp-block-group-is-layout-constrained\" style=\"margin-top:0;margin-bottom:0;padding-top:calc( 0.5 * var(--wp--style--root--padding-right, var(--wp--custom--gap--horizontal)));padding-right:var(--wp--style--root--padding-right, var(--wp--custom--gap--horizontal));padding-bottom:calc( 0.5 * var(--wp--style--root--padding-right, var(--wp--custom--gap--horizontal)));padding-left:var(--wp--style--root--padding-left, var(--wp--custom--gap--horizontal))\">\n<div style=\"height:calc( 0.25 * var(--wp--style--root--padding-right, var(--wp--custom--gap--horizontal)))\" aria-hidden=\"true\" class=\"wp-block-spacer\"><\/div>\n\n\n\n<div class=\"wp-block-columns alignwide is-layout-flex wp-container-core-columns-is-layout-7fc3d43a wp-block-columns-is-layout-flex\">\n<div class=\"wp-block-column is-vertically-aligned-center is-layout-flow wp-block-column-is-layout-flow\">\n<figure class=\"wp-block-gallery has-nested-images columns-default is-cropped wp-block-gallery-1 is-layout-flex wp-block-gallery-is-layout-flex\">\n<figure class=\"wp-block-image size-full\"><img loading=\"lazy\" decoding=\"async\" width=\"1920\" height=\"2560\" data-id=\"774\" src=\"https:\/\/libreriablanconoia.com\/wp-content\/uploads\/2025\/04\/uuuuuu-1-scaled.jpg\" alt=\"\" class=\"wp-image-774\" style=\"object-fit:cover\" srcset=\"https:\/\/libreriablanconoia.com\/wp-content\/uploads\/2025\/04\/uuuuuu-1-scaled.jpg 1920w, https:\/\/libreriablanconoia.com\/wp-content\/uploads\/2025\/04\/uuuuuu-1-225x300.jpg 225w, https:\/\/libreriablanconoia.com\/wp-content\/uploads\/2025\/04\/uuuuuu-1-768x1024.jpg 768w, https:\/\/libreriablanconoia.com\/wp-content\/uploads\/2025\/04\/uuuuuu-1-1152x1536.jpg 1152w, https:\/\/libreriablanconoia.com\/wp-content\/uploads\/2025\/04\/uuuuuu-1-1536x2048.jpg 1536w, https:\/\/libreriablanconoia.com\/wp-content\/uploads\/2025\/04\/uuuuuu-1-600x800.jpg 600w\" sizes=\"auto, (max-width: 1920px) 100vw, 1920px\" \/><\/figure>\n<\/figure>\n<\/div>\n\n\n\n<div class=\"wp-block-column is-vertically-aligned-top is-layout-flow wp-block-column-is-layout-flow\">\n<div style=\"height:18px\" aria-hidden=\"true\" class=\"wp-block-spacer\"><\/div>\n\n\n\n<h2 class=\"wp-block-heading has-text-align-center has-medium-font-size\">        LIBROS DE LECTURA PARA TODAS LAS EDADES<\/h2>\n\n\n\n<p class=\"has-text-align-left\">Bienvenidos a la secci\u00f3n de <strong>Libros de Lectura<\/strong> de nuestra librer\u00eda-jugueter\u00eda en Noia. Si eres un amante de la literatura, aqu\u00ed encontrar\u00e1s una cuidada selecci\u00f3n de libros para todas las edades y gustos. Desde cuentos infantiles hasta novelas de suspense. Ya sea que busques <strong>novedades literarias, cl\u00e1sicos imprescindibles o libros recomendados<\/strong>, en nuestra librer\u00eda apostamos por una gran variedad de g\u00e9neros y autores para que siempre encuentres algo que leer. <\/p>\n\n\n\n<p class=\"has-text-align-left\"><\/p>\n\n\n\n<p class=\"has-text-align-left\">En nuestra selecci\u00f3n de literatura infantil y juvenil encontrar\u00e1s libros pensados para fomentar el amor por la lectura desde una edad temprana. Contamos con <strong>cuentos ilustrados y libros interactivos<\/strong> para los m\u00e1s peque\u00f1os, <strong>primeras lecturas<\/strong> para ni\u00f1os que est\u00e1n empezando a descubrir el placer de leer y <strong>sagas juveniles y novelas de fantas\u00eda<\/strong> que han conquistado a millones de lectores.<\/p>\n\n\n\n<p class=\"has-text-align-left\"><\/p>\n\n\n\n<p class=\"has-text-align-left\">Si buscas una lectura para desconectar y sumergirte en nuevas historias, tambi\u00e9n ofrecemos una amplia variedad de libros para adultos. En nuestro cat\u00e1logo encontrar\u00e1s <strong>novelas contempor\u00e1neas<\/strong> con historias conmovedoras y realistas, <strong>rom\u00e1nticas<\/strong> llenas de amor y emociones intensas, <strong>thrillers y novelas negras<\/strong> que te mantendr\u00e1n en vilo, <strong>novelas hist\u00f3ricas<\/strong> que nos transportan a otras \u00e9pocas y <strong>ciencia ficci\u00f3n y fantas\u00eda<\/strong> para los amantes de los mundos imaginarios y las aventuras \u00e9picas.<br><br><\/p>\n<\/div>\n<\/div>\n\n\n\n<div class=\"wp-block-columns alignwide is-layout-flex wp-container-core-columns-is-layout-7fc3d43a wp-block-columns-is-layout-flex\">\n<div class=\"wp-block-column is-vertically-aligned-center is-layout-flow wp-block-column-is-layout-flow\">\n<p class=\"has-text-align-left\">Adem\u00e1s, siempre estamos atentos a las tendencias del momento y te ofrecemos una selecci\u00f3n de <strong>best sellers y novedades<\/strong> para que no te pierdas los t\u00edtulos m\u00e1s vendidos ni las \u00faltimas publicaciones editoriales. Tambi\u00e9n apostamos por la cultura local, por lo que contamos con una colecci\u00f3n de <strong>autores gallegos y literatura en gallego<\/strong>, donde podr\u00e1s encontrar novelas, cuentos y poes\u00edas que reflejan la esencia de nuestra tierra.<\/p>\n\n\n\n<p class=\"has-text-align-left\">En nuestra librer\u00eda no solo encontrar\u00e1s una gran variedad de libros, sino tambi\u00e9n un servicio cercano y personalizado. Nos encanta ayudar a nuestros clientes a encontrar su pr\u00f3xima gran lectura y, si no tenemos el libro que buscas, <strong>te lo pedimos <\/strong>sin compromiso.<\/p>\n\n\n\n<p class=\"has-text-align-left\">Os esperamos con ilusi\u00f3n, ya sea en nuestra tienda f\u00edsica o a trav\u00e9s de nuestra tienda online, para seguir recomend\u00e1ndoos historias que os hagan so\u00f1ar, aprender y disfrutar.<\/p>\n<\/div>\n\n\n\n<div class=\"wp-block-column is-vertically-aligned-top is-layout-flow wp-block-column-is-layout-flow\">\n<div style=\"height:18px\" aria-hidden=\"true\" class=\"wp-block-spacer\"><\/div>\n\n\n\n<figure class=\"wp-block-image size-large is-resized\"><img loading=\"lazy\" decoding=\"async\" width=\"768\" height=\"1024\" src=\"https:\/\/libreriablanconoia.com\/wp-content\/uploads\/2025\/04\/WhatsApp-Image-2025-04-02-at-11.52.29-1-768x1024.jpeg\" alt=\"\" class=\"wp-image-790\" style=\"width:459px;height:auto\" srcset=\"https:\/\/libreriablanconoia.com\/wp-content\/uploads\/2025\/04\/WhatsApp-Image-2025-04-02-at-11.52.29-1-768x1024.jpeg 768w, https:\/\/libreriablanconoia.com\/wp-content\/uploads\/2025\/04\/WhatsApp-Image-2025-04-02-at-11.52.29-1-225x300.jpeg 225w, https:\/\/libreriablanconoia.com\/wp-content\/uploads\/2025\/04\/WhatsApp-Image-2025-04-02-at-11.52.29-1-1152x1536.jpeg 1152w, https:\/\/libreriablanconoia.com\/wp-content\/uploads\/2025\/04\/WhatsApp-Image-2025-04-02-at-11.52.29-1-600x800.jpeg 600w, https:\/\/libreriablanconoia.com\/wp-content\/uploads\/2025\/04\/WhatsApp-Image-2025-04-02-at-11.52.29-1.jpeg 1200w\" sizes=\"auto, (max-width: 768px) 100vw, 768px\" \/><\/figure>\n\n\n\n<p class=\"has-text-align-left\"><br><\/p>\n<\/div>\n<\/div>\n\n\n\n<div style=\"height:calc( 0.25 * var(--wp--style--root--padding-right, var(--wp--custom--gap--horizontal)))\" aria-hidden=\"true\" class=\"wp-block-spacer\"><\/div>\n<\/div>\n\n\n\n<div class=\"wp-block-group alignfull is-content-justification-center is-layout-constrained wp-container-core-group-is-layout-df757ecc wp-block-group-is-layout-constrained\" style=\"margin-top:0;margin-bottom:0;padding-top:calc( 0.5 * var(--wp--style--root--padding-right, var(--wp--custom--gap--horizontal)));padding-right:var(--wp--style--root--padding-right, var(--wp--custom--gap--horizontal));padding-bottom:calc( 0.5 * var(--wp--style--root--padding-right, var(--wp--custom--gap--horizontal)));padding-left:var(--wp--style--root--padding-left, var(--wp--custom--gap--horizontal))\">\n<div style=\"height:calc( 0.25 * var(--wp--style--root--padding-right, var(--wp--custom--gap--horizontal)))\" aria-hidden=\"true\" class=\"wp-block-spacer\"><\/div>\n<\/div>\n\n\n\n<p><\/p>\n","protected":false},"excerpt":{"rendered":"<p>LIBROS DE LECTURA PARA TODAS LAS EDADES Bienvenidos a la secci\u00f3n de Libros de Lectura de nuestra librer\u00eda-jugueter\u00eda en Noia. [&hellip;]<\/p>\n","protected":false},"author":1,"featured_media":0,"parent":0,"menu_order":0,"comment_status":"closed","ping_status":"closed","template":"","meta":{"site-sidebar-layout":"default","site-content-layout":"","ast-site-content-layout":"","site-content-style":"default","site-sidebar-style":"default","ast-global-header-display":"","ast-banner-title-visibility":"","ast-main-header-display":"","ast-hfb-above-header-display":"","ast-hfb-below-header-display":"","ast-hfb-mobile-header-display":"","site-post-title":"disabled","ast-breadcrumbs-content":"","ast-featured-img":"","footer-sml-layout":"","theme-transparent-header-meta":"","adv-header-id-meta":"","stick-header-meta":"","header-above-stick-meta":"","header-main-stick-meta":"","header-below-stick-meta":"","astra-migrate-meta-layouts":"default","ast-page-background-enabled":"default","ast-page-background-meta":{"desktop":{"background-color":"var(--ast-global-color-5)","background-image":"","background-repeat":"repeat","background-position":"center center","background-size":"auto","background-attachment":"scroll","background-type":"","background-media":"","overlay-type":"","overlay-color":"","overlay-opacity":"","overlay-gradient":""},"tablet":{"background-color":"","background-image":"","background-repeat":"repeat","background-position":"center center","background-size":"auto","background-attachment":"scroll","background-type":"","background-media":"","overlay-type":"","overlay-color":"","overlay-opacity":"","overlay-gradient":""},"mobile":{"background-color":"","background-image":"","background-repeat":"repeat","background-position":"center center","background-size":"auto","background-attachment":"scroll","background-type":"","background-media":"","overlay-type":"","overlay-color":"","overlay-opacity":"","overlay-gradient":""}},"ast-content-background-meta":{"desktop":{"background-color":"var(--ast-global-color-4)","background-image":"","background-repeat":"repeat","background-position":"center center","background-size":"auto","background-attachment":"scroll","background-type":"","background-media":"","overlay-type":"","overlay-color":"","overlay-opacity":"","overlay-gradient":""},"tablet":{"background-color":"var(--ast-global-color-4)","background-image":"","background-repeat":"repeat","background-position":"center center","background-size":"auto","background-attachment":"scroll","background-type":"","background-media":"","overlay-type":"","overlay-color":"","overlay-opacity":"","overlay-gradient":""},"mobile":{"background-color":"var(--ast-global-color-4)","background-image":"","background-repeat":"repeat","background-position":"center center","background-size":"auto","background-attachment":"scroll","background-type":"","background-media":"","overlay-type":"","overlay-color":"","overlay-opacity":"","overlay-gradient":""}},"footnotes":""},"class_list":["post-526","page","type-page","status-publish","hentry"],"_links":{"self":[{"href":"https:\/\/libreriablanconoia.com\/index.php?rest_route=\/wp\/v2\/pages\/526","targetHints":{"allow":["GET"]}}],"collection":[{"href":"https:\/\/libreriablanconoia.com\/index.php?rest_route=\/wp\/v2\/pages"}],"about":[{"href":"https:\/\/libreriablanconoia.com\/index.php?rest_route=\/wp\/v2\/types\/page"}],"author":[{"embeddable":true,"href":"https:\/\/libreriablanconoia.com\/index.php?rest_route=\/wp\/v2\/users\/1"}],"replies":[{"embeddable":true,"href":"https:\/\/libreriablanconoia.com\/index.php?rest_route=%2Fwp%2Fv2%2Fcomments&post=526"}],"version-history":[{"count":11,"href":"https:\/\/libreriablanconoia.com\/index.php?rest_route=\/wp\/v2\/pages\/526\/revisions"}],"predecessor-version":[{"id":1110,"href":"https:\/\/libreriablanconoia.com\/index.php?rest_route=\/wp\/v2\/pages\/526\/revisions\/1110"}],"wp:attachment":[{"href":"https:\/\/libreriablanconoia.com\/index.php?rest_route=%2Fwp%2Fv2%2Fmedia&parent=526"}],"curies":[{"name":"wp","href":"https:\/\/api.w.org\/{rel}","templated":true}]}}