{"id":1005,"date":"2025-06-01T10:42:17","date_gmt":"2025-06-01T10:42:17","guid":{"rendered":"https:\/\/libreriablanconoia.com\/?post_type=product&#038;p=1005"},"modified":"2025-06-01T10:42:17","modified_gmt":"2025-06-01T10:42:17","slug":"wow-pods-marvel-hulk-con-luz-interactiva-112","status":"publish","type":"product","link":"https:\/\/libreriablanconoia.com\/?product=wow-pods-marvel-hulk-con-luz-interactiva-112","title":{"rendered":"WOW! PODS Marvel \u2013 Hulk con luz interactiva (112)"},"content":{"rendered":"<p data-start=\"419\" data-end=\"902\">\u00a1Dale vida a tu colecci\u00f3n Marvel con esta asombrosa figura de <strong data-start=\"481\" data-end=\"489\">Hulk<\/strong> de la serie <strong data-start=\"502\" data-end=\"515\">WOW! PODS<\/strong>! Con su impresionante acabado y su caracter\u00edstica pose de ataque, <strong data-start=\"582\" data-end=\"590\">Hulk<\/strong> no solo se ve genial, sino que tambi\u00e9n \u00a1se ilumina!<br data-start=\"642\" data-end=\"645\" \/>Simplemente desliza tu mano delante de la figura para activar su <strong data-start=\"710\" data-end=\"738\">efecto luminoso especial<\/strong> que muestra diferentes ilustraciones de Hulk. Su empaque en forma de hex\u00e1gono permite que conectes m\u00faltiples WOW! PODS para crear un display \u00fanico y personalizado.<\/p>\n<p data-start=\"904\" data-end=\"1009\">Ideal para exhibir en escritorios, estanter\u00edas o como regalo para cualquier fan\u00e1tico del Universo Marvel.<\/p>\n","protected":false},"excerpt":{"rendered":"<p data-start=\"288\" data-end=\"380\">\u00a1El Incre\u00edble Hulk se une a tu colecci\u00f3n con la figura iluminada e interactiva de WOW! PODS!<\/p>\n","protected":false},"featured_media":1008,"template":"","meta":{"site-sidebar-layout":"default","site-content-layout":"","ast-site-content-layout":"default","site-content-style":"default","site-sidebar-style":"default","ast-global-header-display":"","ast-banner-title-visibility":"","ast-main-header-display":"","ast-hfb-above-header-display":"","ast-hfb-below-header-display":"","ast-hfb-mobile-header-display":"","site-post-title":"","ast-breadcrumbs-content":"","ast-featured-img":"","footer-sml-layout":"","theme-transparent-header-meta":"default","adv-header-id-meta":"","stick-header-meta":"","header-above-stick-meta":"","header-main-stick-meta":"","header-below-stick-meta":"","astra-migrate-meta-layouts":"set","ast-page-background-enabled":"default","ast-page-background-meta":{"desktop":{"background-color":"var(--ast-global-color-5)","background-image":"","background-repeat":"repeat","background-position":"center center","background-size":"auto","background-attachment":"scroll","background-type":"","background-media":"","overlay-type":"","overlay-color":"","overlay-opacity":"","overlay-gradient":""},"tablet":{"background-color":"","background-image":"","background-repeat":"repeat","background-position":"center center","background-size":"auto","background-attachment":"scroll","background-type":"","background-media":"","overlay-type":"","overlay-color":"","overlay-opacity":"","overlay-gradient":""},"mobile":{"background-color":"","background-image":"","background-repeat":"repeat","background-position":"center center","background-size":"auto","background-attachment":"scroll","background-type":"","background-media":"","overlay-type":"","overlay-color":"","overlay-opacity":"","overlay-gradient":""}},"ast-content-background-meta":{"desktop":{"background-color":"var(--ast-global-color-4)","background-image":"","background-repeat":"repeat","background-position":"center center","background-size":"auto","background-attachment":"scroll","background-type":"","background-media":"","overlay-type":"","overlay-color":"","overlay-opacity":"","overlay-gradient":""},"tablet":{"background-color":"var(--ast-global-color-4)","background-image":"","background-repeat":"repeat","background-position":"center center","background-size":"auto","background-attachment":"scroll","background-type":"","background-media":"","overlay-type":"","overlay-color":"","overlay-opacity":"","overlay-gradient":""},"mobile":{"background-color":"var(--ast-global-color-4)","background-image":"","background-repeat":"repeat","background-position":"center center","background-size":"auto","background-attachment":"scroll","background-type":"","background-media":"","overlay-type":"","overlay-color":"","overlay-opacity":"","overlay-gradient":""}}},"product_brand":[1110],"product_cat":[34,18,1004,1024,1014,32,33,76],"product_tag":[1117,1111,1114,1115,1113,1116,1112],"class_list":{"0":"post-1005","1":"product","2":"type-product","3":"status-publish","4":"has-post-thumbnail","6":"product_brand-marvel","7":"product_cat-mas-de-10","8":"product_cat-3-a-4-anos","9":"product_cat-1004","10":"product_cat-1024","11":"product_cat-1014","12":"product_cat-7-a-8-anos","13":"product_cat-9-a-10-anos","14":"product_cat-figuras-de-accion","15":"product_tag-coleccionable-hulk-wow-pods","16":"product_tag-figura-hulk-con-efecto-luminoso","17":"product_tag-figura-hulk-wow-pods","18":"product_tag-figura-iluminada-hulk-marvel","19":"product_tag-juguete-coleccionable-hulk-interactivo","20":"product_tag-juguete-interactivo-hulk","21":"product_tag-wow-pods-marvel-figura-hulk","22":"desktop-align-left","23":"tablet-align-left","24":"mobile-align-left","26":"first","27":"instock","28":"shipping-taxable","29":"purchasable","30":"product-type-simple"},"_links":{"self":[{"href":"https:\/\/libreriablanconoia.com\/index.php?rest_route=\/wp\/v2\/product\/1005","targetHints":{"allow":["GET"]}}],"collection":[{"href":"https:\/\/libreriablanconoia.com\/index.php?rest_route=\/wp\/v2\/product"}],"about":[{"href":"https:\/\/libreriablanconoia.com\/index.php?rest_route=\/wp\/v2\/types\/product"}],"wp:featuredmedia":[{"embeddable":true,"href":"https:\/\/libreriablanconoia.com\/index.php?rest_route=\/wp\/v2\/media\/1008"}],"wp:attachment":[{"href":"https:\/\/libreriablanconoia.com\/index.php?rest_route=%2Fwp%2Fv2%2Fmedia&parent=1005"}],"wp:term":[{"taxonomy":"product_brand","embeddable":true,"href":"https:\/\/libreriablanconoia.com\/index.php?rest_route=%2Fwp%2Fv2%2Fproduct_brand&post=1005"},{"taxonomy":"product_cat","embeddable":true,"href":"https:\/\/libreriablanconoia.com\/index.php?rest_route=%2Fwp%2Fv2%2Fproduct_cat&post=1005"},{"taxonomy":"product_tag","embeddable":true,"href":"https:\/\/libreriablanconoia.com\/index.php?rest_route=%2Fwp%2Fv2%2Fproduct_tag&post=1005"}],"curies":[{"name":"wp","href":"https:\/\/api.w.org\/{rel}","templated":true}]}}