{"id":1038,"date":"2025-06-02T10:27:24","date_gmt":"2025-06-02T10:27:24","guid":{"rendered":"https:\/\/libreriablanconoia.com\/?post_type=product&#038;p=1038"},"modified":"2025-06-02T10:27:24","modified_gmt":"2025-06-02T10:27:24","slug":"panda-rojo-carrillon-musical","status":"publish","type":"product","link":"https:\/\/libreriablanconoia.com\/?product=panda-rojo-carrillon-musical","title":{"rendered":"Panda Rojo Carrill\u00f3n Musical"},"content":{"rendered":"<ul data-start=\"1003\" data-end=\"1483\">\n<li data-start=\"1003\" data-end=\"1076\">\n<p data-start=\"1005\" data-end=\"1076\"><strong data-start=\"1008\" data-end=\"1026\">Peluche doudou<\/strong> musical extra suave, ideal desde el nacimiento.<\/p>\n<\/li>\n<li data-start=\"1077\" data-end=\"1135\">\n<p data-start=\"1079\" data-end=\"1135\">\u00a0Reproduce la canci\u00f3n \u201cTwinkle Twinkle Little Star\u201d.<\/p>\n<\/li>\n<li data-start=\"1136\" data-end=\"1192\">\n<p data-start=\"1138\" data-end=\"1192\">\u00a0Activaci\u00f3n manual mediante tira en forma de hoja.<\/p>\n<\/li>\n<li data-start=\"1193\" data-end=\"1244\">\n<p data-start=\"1195\" data-end=\"1244\">\u00a0Favorece el apego emocional y la relajaci\u00f3n.<\/p>\n<\/li>\n<li data-start=\"1245\" data-end=\"1316\">\n<p data-start=\"1247\" data-end=\"1316\">\u00a0Cintas para sujetarlo f\u00e1cilmente a la cuna, cochecito o sillita.<\/p>\n<\/li>\n<li data-start=\"1317\" data-end=\"1384\">\n<p data-start=\"1319\" data-end=\"1384\">\u00a0Tejido de alta calidad, aterciopelado y seguro para el beb\u00e9.<\/p>\n<\/li>\n<li data-start=\"1385\" data-end=\"1447\">\n<p data-start=\"1387\" data-end=\"1447\">\u00a0Pertenece a la colecci\u00f3n <strong data-start=\"1415\" data-end=\"1434\">My Sweet Doudou<\/strong> de Chicco.<\/p>\n<\/li>\n<li data-start=\"1448\" data-end=\"1483\">\n<p data-start=\"1450\" data-end=\"1483\">\u00a0Recomendado desde los 0 meses.<\/p>\n<\/li>\n<\/ul>\n","protected":false},"excerpt":{"rendered":"<p data-start=\"278\" data-end=\"548\">El <strong data-start=\"281\" data-end=\"312\">Panda Rojo Doudou de Chicco<\/strong> es m\u00e1s que un peluche: es el primer amigo del beb\u00e9, suave, tierno y lleno de calma. Dise\u00f1ado especialmente para los primeros meses de vida, este adorable osito con caja de m\u00fasica se convertir\u00e1 en un aliado perfecto a la hora de dormir.<\/p>\n<p data-start=\"550\" data-end=\"756\">\n","protected":false},"featured_media":1039,"template":"","meta":{"site-sidebar-layout":"default","site-content-layout":"","ast-site-content-layout":"default","site-content-style":"default","site-sidebar-style":"default","ast-global-header-display":"","ast-banner-title-visibility":"","ast-main-header-display":"","ast-hfb-above-header-display":"","ast-hfb-below-header-display":"","ast-hfb-mobile-header-display":"","site-post-title":"","ast-breadcrumbs-content":"","ast-featured-img":"","footer-sml-layout":"","theme-transparent-header-meta":"default","adv-header-id-meta":"","stick-header-meta":"","header-above-stick-meta":"","header-main-stick-meta":"","header-below-stick-meta":"","astra-migrate-meta-layouts":"set","ast-page-background-enabled":"default","ast-page-background-meta":{"desktop":{"background-color":"var(--ast-global-color-5)","background-image":"","background-repeat":"repeat","background-position":"center center","background-size":"auto","background-attachment":"scroll","background-type":"","background-media":"","overlay-type":"","overlay-color":"","overlay-opacity":"","overlay-gradient":""},"tablet":{"background-color":"","background-image":"","background-repeat":"repeat","background-position":"center center","background-size":"auto","background-attachment":"scroll","background-type":"","background-media":"","overlay-type":"","overlay-color":"","overlay-opacity":"","overlay-gradient":""},"mobile":{"background-color":"","background-image":"","background-repeat":"repeat","background-position":"center center","background-size":"auto","background-attachment":"scroll","background-type":"","background-media":"","overlay-type":"","overlay-color":"","overlay-opacity":"","overlay-gradient":""}},"ast-content-background-meta":{"desktop":{"background-color":"var(--ast-global-color-4)","background-image":"","background-repeat":"repeat","background-position":"center center","background-size":"auto","background-attachment":"scroll","background-type":"","background-media":"","overlay-type":"","overlay-color":"","overlay-opacity":"","overlay-gradient":""},"tablet":{"background-color":"var(--ast-global-color-4)","background-image":"","background-repeat":"repeat","background-position":"center center","background-size":"auto","background-attachment":"scroll","background-type":"","background-media":"","overlay-type":"","overlay-color":"","overlay-opacity":"","overlay-gradient":""},"mobile":{"background-color":"var(--ast-global-color-4)","background-image":"","background-repeat":"repeat","background-position":"center center","background-size":"auto","background-attachment":"scroll","background-type":"","background-media":"","overlay-type":"","overlay-color":"","overlay-opacity":"","overlay-gradient":""}}},"product_brand":[996],"product_cat":[28],"product_tag":[1143,1146,1147,1145,1144],"class_list":{"0":"post-1038","1":"product","2":"type-product","3":"status-publish","4":"has-post-thumbnail","6":"product_brand-chicco","7":"product_cat-0-a-6","8":"product_tag-carrillon-musical-panda-rojo-chicco","9":"product_tag-juguete-musical-para-recien-nacidos","10":"product_tag-juguetes-suaves-para-bebes","11":"product_tag-panda-musical-chicco","12":"product_tag-peluche-musical-para-bebes","13":"desktop-align-left","14":"tablet-align-left","15":"mobile-align-left","17":"first","18":"instock","19":"shipping-taxable","20":"purchasable","21":"product-type-simple"},"_links":{"self":[{"href":"https:\/\/libreriablanconoia.com\/index.php?rest_route=\/wp\/v2\/product\/1038","targetHints":{"allow":["GET"]}}],"collection":[{"href":"https:\/\/libreriablanconoia.com\/index.php?rest_route=\/wp\/v2\/product"}],"about":[{"href":"https:\/\/libreriablanconoia.com\/index.php?rest_route=\/wp\/v2\/types\/product"}],"wp:featuredmedia":[{"embeddable":true,"href":"https:\/\/libreriablanconoia.com\/index.php?rest_route=\/wp\/v2\/media\/1039"}],"wp:attachment":[{"href":"https:\/\/libreriablanconoia.com\/index.php?rest_route=%2Fwp%2Fv2%2Fmedia&parent=1038"}],"wp:term":[{"taxonomy":"product_brand","embeddable":true,"href":"https:\/\/libreriablanconoia.com\/index.php?rest_route=%2Fwp%2Fv2%2Fproduct_brand&post=1038"},{"taxonomy":"product_cat","embeddable":true,"href":"https:\/\/libreriablanconoia.com\/index.php?rest_route=%2Fwp%2Fv2%2Fproduct_cat&post=1038"},{"taxonomy":"product_tag","embeddable":true,"href":"https:\/\/libreriablanconoia.com\/index.php?rest_route=%2Fwp%2Fv2%2Fproduct_tag&post=1038"}],"curies":[{"name":"wp","href":"https:\/\/api.w.org\/{rel}","templated":true}]}}