{"id":374,"date":"2025-03-24T16:07:06","date_gmt":"2025-03-24T16:07:06","guid":{"rendered":"https:\/\/libreriablanconoia.com\/?post_type=product&#038;p=374"},"modified":"2025-03-25T09:35:07","modified_gmt":"2025-03-25T09:35:07","slug":"mordedores-y-sonidos-divertidos","status":"publish","type":"product","link":"https:\/\/libreriablanconoia.com\/?product=mordedores-y-sonidos-divertidos","title":{"rendered":"Mordedores y Sonidos Divertidos"},"content":{"rendered":"<p class=\"\" data-start=\"69\" data-end=\"210\">Con este <strong data-start=\"78\" data-end=\"120\">set completo de sonajeros y mordedores<\/strong>, tu peque\u00f1o se divertir\u00e1 mientras estimula sus sentidos durante su etapa de crecimiento.<\/p>\n<p class=\"\" data-start=\"212\" data-end=\"339\">Gracias a los <strong data-start=\"226\" data-end=\"237\">sonidos<\/strong> de los sonajeros y las variadas formas y texturas, desarrollar\u00e1 sus habilidades motoras y cognitivas.<\/p>\n<p data-start=\"212\" data-end=\"339\">El set incluye diversas <strong data-start=\"365\" data-end=\"385\">formas y sonidos<\/strong> para estimular el tacto, la vista y el o\u00eddo. Adem\u00e1s, los mordedores proporcionar\u00e1n alivio durante la aparici\u00f3n de sus primeros dientes.<\/p>\n<p data-start=\"212\" data-end=\"339\">\n","protected":false},"excerpt":{"rendered":"<ul>\n<li class=\"\" data-start=\"76\" data-end=\"171\">\n<p class=\"\" data-start=\"78\" data-end=\"171\"><strong data-start=\"78\" data-end=\"103\">Sonajeros con sonidos<\/strong>: Ayudan a desarrollar el sentido del o\u00eddo y la coordinaci\u00f3n motora.<\/p>\n<\/li>\n<li class=\"\" data-start=\"172\" data-end=\"260\">\n<p class=\"\" data-start=\"174\" data-end=\"260\"><strong data-start=\"174\" data-end=\"207\">Variedad de formas y texturas<\/strong>: Estimulan el sentido del tacto y la vista del beb\u00e9.<\/p>\n<\/li>\n<li class=\"\" data-start=\"261\" data-end=\"338\">\n<p class=\"\" data-start=\"263\" data-end=\"338\"><strong data-start=\"263\" data-end=\"284\">Mordedores suaves<\/strong>: Proporcionan alivio durante el proceso de dentici\u00f3n.<\/p>\n<\/li>\n<li class=\"\" data-start=\"339\" data-end=\"419\">\n<p class=\"\" data-start=\"341\" data-end=\"419\"><strong data-start=\"341\" data-end=\"357\">F\u00e1cil agarre<\/strong>: Dise\u00f1ados para manos peque\u00f1as, promoviendo la independencia.<\/p>\n<\/li>\n<li class=\"\" data-start=\"420\" data-end=\"513\">\n<p class=\"\" data-start=\"422\" data-end=\"513\"><strong data-start=\"422\" data-end=\"457\">Estimulaci\u00f3n sensorial completa<\/strong>: Abarca los tres sentidos b\u00e1sicos: tacto, vista y o\u00eddo.<\/p>\n<\/li>\n<\/ul>\n","protected":false},"featured_media":376,"template":"","meta":{"site-sidebar-layout":"default","site-content-layout":"","ast-site-content-layout":"default","site-content-style":"default","site-sidebar-style":"default","ast-global-header-display":"","ast-banner-title-visibility":"","ast-main-header-display":"","ast-hfb-above-header-display":"","ast-hfb-below-header-display":"","ast-hfb-mobile-header-display":"","site-post-title":"","ast-breadcrumbs-content":"","ast-featured-img":"","footer-sml-layout":"","theme-transparent-header-meta":"default","adv-header-id-meta":"","stick-header-meta":"","header-above-stick-meta":"","header-main-stick-meta":"","header-below-stick-meta":"","astra-migrate-meta-layouts":"set","ast-page-background-enabled":"default","ast-page-background-meta":{"desktop":{"background-color":"var(--ast-global-color-5)","background-image":"","background-repeat":"repeat","background-position":"center center","background-size":"auto","background-attachment":"scroll","background-type":"","background-media":"","overlay-type":"","overlay-color":"","overlay-opacity":"","overlay-gradient":""},"tablet":{"background-color":"","background-image":"","background-repeat":"repeat","background-position":"center center","background-size":"auto","background-attachment":"scroll","background-type":"","background-media":"","overlay-type":"","overlay-color":"","overlay-opacity":"","overlay-gradient":""},"mobile":{"background-color":"","background-image":"","background-repeat":"repeat","background-position":"center center","background-size":"auto","background-attachment":"scroll","background-type":"","background-media":"","overlay-type":"","overlay-color":"","overlay-opacity":"","overlay-gradient":""}},"ast-content-background-meta":{"desktop":{"background-color":"var(--ast-global-color-4)","background-image":"","background-repeat":"repeat","background-position":"center center","background-size":"auto","background-attachment":"scroll","background-type":"","background-media":"","overlay-type":"","overlay-color":"","overlay-opacity":"","overlay-gradient":""},"tablet":{"background-color":"var(--ast-global-color-4)","background-image":"","background-repeat":"repeat","background-position":"center center","background-size":"auto","background-attachment":"scroll","background-type":"","background-media":"","overlay-type":"","overlay-color":"","overlay-opacity":"","overlay-gradient":""},"mobile":{"background-color":"var(--ast-global-color-4)","background-image":"","background-repeat":"repeat","background-position":"center center","background-size":"auto","background-attachment":"scroll","background-type":"","background-media":"","overlay-type":"","overlay-color":"","overlay-opacity":"","overlay-gradient":""}}},"product_brand":[576],"product_cat":[28,77],"product_tag":[446,540,541,266,539,538],"class_list":{"0":"post-374","1":"product","2":"type-product","3":"status-publish","4":"has-post-thumbnail","6":"product_brand-peppa-pig","7":"product_cat-0-a-6","8":"product_cat-primera-infancia","9":"product_tag-desarrollo-cognitivo","10":"product_tag-desarrollo-motor","11":"product_tag-juguete-para-bebe","12":"product_tag-juguete-para-recien-nacidos","13":"product_tag-mordedores","14":"product_tag-sonajeros-para-bebes","15":"desktop-align-left","16":"tablet-align-left","17":"mobile-align-left","19":"first","20":"instock","21":"shipping-taxable","22":"purchasable","23":"product-type-simple"},"_links":{"self":[{"href":"https:\/\/libreriablanconoia.com\/index.php?rest_route=\/wp\/v2\/product\/374","targetHints":{"allow":["GET"]}}],"collection":[{"href":"https:\/\/libreriablanconoia.com\/index.php?rest_route=\/wp\/v2\/product"}],"about":[{"href":"https:\/\/libreriablanconoia.com\/index.php?rest_route=\/wp\/v2\/types\/product"}],"wp:featuredmedia":[{"embeddable":true,"href":"https:\/\/libreriablanconoia.com\/index.php?rest_route=\/wp\/v2\/media\/376"}],"wp:attachment":[{"href":"https:\/\/libreriablanconoia.com\/index.php?rest_route=%2Fwp%2Fv2%2Fmedia&parent=374"}],"wp:term":[{"taxonomy":"product_brand","embeddable":true,"href":"https:\/\/libreriablanconoia.com\/index.php?rest_route=%2Fwp%2Fv2%2Fproduct_brand&post=374"},{"taxonomy":"product_cat","embeddable":true,"href":"https:\/\/libreriablanconoia.com\/index.php?rest_route=%2Fwp%2Fv2%2Fproduct_cat&post=374"},{"taxonomy":"product_tag","embeddable":true,"href":"https:\/\/libreriablanconoia.com\/index.php?rest_route=%2Fwp%2Fv2%2Fproduct_tag&post=374"}],"curies":[{"name":"wp","href":"https:\/\/api.w.org\/{rel}","templated":true}]}}